 164507184 a multiple of 81?
False
Is 16647566 a multiple of 125?
False
Does 18 divide 103688172?
True
Is 69264697 a multiple of 3?
False
Is 698 a factor of 100512?
True
Is 88910609 a multiple of 1498?
False
Does 2241 divide 470746701?
True
Is 16489669 a multiple of 93?
False
Is 63473513 a multiple of 16?
False
Is 134548 a multiple of 22?
False
Does 409 divide 2596901625?
False
Is 16 a factor of 218303120?
True
Is 13880932 a multiple of 13?
True
Does 3845 divide 274851598?
False
Is 27583457 a multiple of 399?
False
Does 31 divide 288031013?
True
Is 20 a factor of 2098354200?
True
Does 18 divide 218367972?
True
Does 33 divide 4480436?
False
Is 45727976 a multiple of 568?
True
Is 35 a factor of 43863715?
True
Is 43 a factor of 18929159?
True
Does 53 divide 403169145?
True
Is 25411857 a multiple of 53?
True
Is 21385333 a multiple of 136?
False
Does 72 divide 7442424?
True
Is 476 a factor of 190253795?
False
Is 3965327633 a multiple of 21?
False
Does 64 divide 485667502?
False
Is 15 a factor of 96847665?
True
Is 4265974 a multiple of 3788?
False
Is 2285 a factor of 2169423229?
False
Is 111 a factor of 141838464?
True
Is 20 a factor of 57240882?
False
Does 67 divide 463415072?
False
Is 9 a factor of 87949282?
False
Does 5590 divide 1588186153?
False
Is 11 a factor of 127694401?
False
Is 91969420 a multiple of 185?
True
Is 5515350742 a multiple of 1184?
False
Does 93 divide 55912082?
False
Is 86 a factor of 971620776?
True
Is 28 a factor of 248627100?
False
Is 7867175 a multiple of 69?
False
Is 112636126 a multiple of 27?
False
Does 1286 divide 146501120?
True
Is 24136497 a multiple of 2233?
True
Is 511 a factor of 7044135?
True
Does 13 divide 78762015?
False
Is 480 a factor of 107271840?
True
Is 1651495523 a multiple of 3961?
False
Does 18 divide 3263115408?
False
Does 9 divide 6605795?
False
Is 1094186940 a multiple of 70?
True
Is 297183231 a multiple of 36?
False
Does 38 divide 158268822?
True
Is 474096 a multiple of 24?
True
Is 504 a factor of 56291760?
True
Does 267 divide 3301127165?
False
Is 2035768 a multiple of 2?
True
Does 321 divide 126354403?
False
Does 2264 divide 2904014688?
True
Is 23934071 a multiple of 75?
False
Does 2715 divide 137915081?
False
Does 88 divide 534116880?
True
Is 7810165827 a multiple of 261?
True
Does 3 divide 173204003?
False
Is 4832025 a multiple of 165?
True
Is 21479614 a multiple of 174?
False
Does 12 divide 22497336?
True
Is 114 a factor of 254062679?
False
Does 29 divide 14517922?
True
Is 140533780 a multiple of 8?
False
Does 1316 divide 1532014109?
False
Is 1899196236 a multiple of 4109?
True
Is 1185043279 a multiple of 154?
False
Does 20 divide 2675320502?
False
Does 7 divide 271577986?
False
Is 434639766 a multiple of 50?
False
Is 436 a factor of 6508172?
True
Is 127 a factor of 79822220?
False
Does 1130 divide 62857342?
False
Does 6 divide 15922062?
True
Does 41 divide 29414278?
False
Does 2596 divide 78856096?
True
Is 16527021 a multiple of 821?
False
Does 1140 divide 201100560?
True
Is 1313758112 a multiple of 4972?
False
Is 56 a factor of 222358?
False
Is 74677680 a multiple of 924?
True
Does 1700 divide 62366175?
False
Is 3 a factor of 3682224?
True
Is 15468628 a multiple of 284?
True
Does 108 divide 50339358?
False
Is 4 a factor of 200856316?
True
Is 75 a factor of 69856867?
False
Is 2064263767 a multiple of 379?
False
Is 1715311964 a multiple of 31?
True
Is 388613483 a multiple of 249?
False
Is 18 a factor of 13487652?
True
Does 3301 divide 4191319312?
True
Is 2224994018 a multiple of 367?
True
Is 225 a factor of 52734864?
False
Is 1133058177 a multiple of 5933?
False
Is 421 a factor of 396738001?
False
Is 183530625 a multiple of 22?
False
Is 176985459 a multiple of 21?
True
Is 21422811 a multiple of 2446?
False
Is 1067695856 a multiple of 45?
False
Does 767 divide 121611685?
True
Does 46 divide 82639276?
True
Is 470091345 a multiple of 5?
True
Is 2862827528 a multiple of 173?
True
Is 3596952 a multiple of 62?
False
Does 107 divide 1074857223?
False
Does 1850 divide 281177800?
True
Is 41790749 a multiple of 2087?
False
Is 3404 a factor of 1533779870?
False
Is 16 a factor of 82867344?
True
Does 213 divide 493063069?
False
Does 12 divide 60390012?
True
Does 18 divide 2033791428?
False
Is 780347860 a multiple of 5524?
True
Is 910 a factor of 1206857470?
True
Does 217 divide 65052694?
True
Does 56 divide 3752400?
False
Does 315 divide 11933775?
True
Does 28 divide 688023217?
False
Does 238 divide 51424898?
True
Does 204 divide 8346604?
False
Does 3 divide 5305077?
True
Is 46754410 a multiple of 343?
False
Is 5520746 a multiple of 7?
True
Is 165 a factor of 310371804?
False
Does 38 divide 41151432?
False
Does 645 divide 71264765?
False
Is 837840164 a multiple of 24?
False
Does 668 divide 99904076?
True
Is 662531331 a multiple of 21?
True
Is 11 a factor of 113485273?
True
Is 154 a factor of 466646953?
False
Is 22 a factor of 36399044?
True
Does 9 divide 11502479?
False
Is 1792 a factor of 13212988?
False
Is 97 a factor of 1461135869?
False
Does 568 divide 17899384?
True
Is 12 a factor of 166289448?
True
Does 56 divide 95573128?
True
Is 244 a factor of 148328820?
True
Is 180750876 a multiple of 6?
True
Does 6 divide 359442180?
True
Does 31 divide 1025439669?
True
Is 26 a factor of 10431460?
True
Does 32 divide 12168026?
False
Is 5660549 a multiple of 12?
False
Is 763449932 a multiple of 201?
False
Does 6 divide 725866392?
True
Is 823361942 a multiple of 551?
False
Is 175469655 a multiple of 285?
True
Is 143 a factor of 7908329?
True
Is 255463264 a multiple of 1568?
True
Is 32771580 a multiple of 1615?
True
Is 479070265 a multiple of 8?
False
Is 38 a factor of 82237242?
False
Does 17 divide 42123943?
True
Does 81 divide 275629716?
True
Is 50083763 a multiple of 1624?
False
Is 12305348 a multiple of 2?
True
Is 18 a factor of 1173487500?
True
Is 16 a factor of 36104479?
False
Is 117324000 a multiple of 3?
True
Does 1072 divide 30623824?
True
Does 279 divide 11362275?
True
Is 119977073 a multiple of 7?
False
Is 7 a factor of 78400467?
False
Is 325815683 a multiple of 74?
False
Is 41476624 a multiple of 2996?
True
Does 3740 divide 5817067568?
False
Is 1890993 a multiple of 45?
False
Is 1730691266 a multiple of 83?
True
Is 5441 a factor of 844843592?
False
Is 6347799 a multiple of 17?
False
Is 46517337 a multiple of 4261?
True
Is 127522560 a multiple of 60?
True
Is 16842556 a multiple of 62?
False
Is 1871 a factor of 100278116?
True
Is 23277349 a multiple of 773?
True
Is 1245312 a multiple of 2?
True
Does 14185 divide 871859756?
False
Does 4 divide 26543160?
True
Does 74 divide 937633132?
True
Is 445800513 a multiple of 1541?
True
Does 325 divide 213824480?
False
Is 6 a factor of 507531528?
True
Is 816123762 a multiple of 81?
True
Is 741843144 a multiple of 21?
True
Is 280 a factor of 3145973800?
False
Is 5244 a factor of 420306600?
True
Is 479994528 a multiple of 13?
True
Does 10 divide 10375830?
True
Is 129 a factor of 44149347?
True
Is 43417195 a multiple of 695?
False
Is 984 a factor of 656834587?
False
Does 261 divide 251850?
False
Is 319 a factor of 504053925?
False
Is 53331479 a multiple of 28?
False
Is 929872018 a multiple of 672?
False
Does 3251 divide 15445326?
False
Does 187 divide 4709819776?
False
Does 1107 divide 76075254?
True
Does 2905 divide 476759885?
True
Does 48 divide 2143810080?
True
Does 4 divide 313569972?
True
Is 85346398 a multiple of 9?
False
Is 26 a factor of 15231424?
True
Does 84 divide 688421160?
True
Does 1013 divide 618294680?
True
Does 484 divide 94697049?
False
Is 18 a factor of 375448608?
True
Does 79 divide 874844104?
True
Is 55 a factor of 50577304?
False
Does 934 divide 35082908?
True
Does 60 divide 44512620?
True
Is 200 a factor of 161182000?
True
Does 393 divide 1003266932?
False
Is 531 a factor of 11340036?
True
Is 8723444 a multiple of 4557?
False
Is 361 a factor of 105789643?
False
Does 26 divide 1898404300?
True
Is 205465506 a multiple of 3858?
True
Is 794836107 a multiple of 5?
False
Does 711 divide 70501338?
True
Is 159 a factor of 1195241743?
False
Is 21 a factor of 52821876?
False
Is 11 a factor of 23644600?
False
Does 18 divide 211693176?
True
Does 191 divide 118315141?
True
Does 370 divide 17347410?
False
Is 232961520 a multiple of 22?
True
Is 6 a factor of 